{"id":11,"date":"2023-04-20T11:30:07","date_gmt":"2023-04-20T11:30:07","guid":{"rendered":"https:\/\/kreire-metal.hr\/?page_id=11"},"modified":"2023-04-25T09:08:45","modified_gmt":"2023-04-25T07:08:45","slug":"proizvodi","status":"publish","type":"page","link":"https:\/\/kreire-metal.hr\/?page_id=11","title":{"rendered":"Proizvodi"},"content":{"rendered":"\t\t<div data-elementor-type=\"wp-page\" data-elementor-id=\"11\" class=\"elementor elementor-11\">\n\t\t\t\t\t\t<section class=\"elementor-section elementor-top-section elementor-element elementor-element-3205dd9c elementor-section-boxed elementor-section-height-default elementor-section-height-default\" data-id=\"3205dd9c\" data-element_type=\"section\" data-settings=\"{&quot;background_background&quot;:&quot;classic&quot;}\">\n\t\t\t\t\t\t\t<div class=\"elementor-background-overlay\"><\/div>\n\t\t\t\t\t\t\t<div class=\"elementor-container elementor-column-gap-default\">\n\t\t\t\t\t<div class=\"elementor-column elementor-col-100 elementor-top-column elementor-element elementor-element-6eaa6874\" data-id=\"6eaa6874\" data-element_type=\"column\">\n\t\t\t<div class=\"elementor-widget-wrap elementor-element-populated\">\n\t\t\t\t\t\t\t<\/div>\n\t\t<\/div>\n\t\t\t\t\t<\/div>\n\t\t<\/section>\n\t\t\t\t<section class=\"elementor-section elementor-top-section elementor-element elementor-element-47794b8 elementor-section-boxed elementor-section-height-default elementor-section-height-default\" data-id=\"47794b8\" data-element_type=\"section\">\n\t\t\t\t\t\t<div class=\"elementor-container elementor-column-gap-default\">\n\t\t\t\t\t<div class=\"elementor-column elementor-col-100 elementor-top-column elementor-element elementor-element-c53057d\" data-id=\"c53057d\" data-element_type=\"column\">\n\t\t\t<div class=\"elementor-widget-wrap elementor-element-populated\">\n\t\t\t\t\t\t<div class=\"elementor-element elementor-element-9988ac7 elementor-grid-6 elementor-product-loop-item--align-center elementor-grid-tablet-3 elementor-grid-mobile-2 elementor-products-grid elementor-wc-products elementor-widget elementor-widget-wc-categories\" data-id=\"9988ac7\" data-element_type=\"widget\" data-widget_type=\"wc-categories.default\">\n\t\t\t\t<div class=\"elementor-widget-container\">\n\t\t\t<link rel=\"stylesheet\" href=\"https:\/\/kreire-metal.hr\/wp-content\/plugins\/elementor-pro\/assets\/css\/widget-woocommerce.min.css\"><div class=\"woocommerce columns-6\"><ul class=\"products elementor-grid columns-6\">\n<li class=\"product-category product first\">\n\t<a aria-label=\"Posjetite kategoriju proizvoda Ru\u010dni alat\" href=\"https:\/\/kreire-metal.hr\/?product_cat=rucni-alat\"><img fetchpriority=\"high\" decoding=\"async\" src=\"https:\/\/kreire-metal.hr\/wp-content\/uploads\/2023\/04\/061-FANGLA-POCINCANA-300x300.jpg\" alt=\"Ru\u010dni alat\" width=\"300\" height=\"300\" \/>\t\t<h2 class=\"woocommerce-loop-category__title\">\n\t\t\tRu\u010dni alat <mark class=\"count\">(6)<\/mark>\t\t<\/h2>\n\t\t<\/a><\/li>\n<li class=\"product-category product\">\n\t<a aria-label=\"Posjetite kategoriju proizvoda Profesionalna dimnja\u010darska oprema\" href=\"https:\/\/kreire-metal.hr\/?product_cat=profesionalna-dimnjacarska-oprema\"><img decoding=\"async\" src=\"https:\/\/kreire-metal.hr\/wp-content\/uploads\/2023\/04\/083-Set-dimnjacarskih-kljuceva-6u1-ravni-300x300.jpg\" alt=\"Profesionalna dimnja\u010darska oprema\" width=\"300\" height=\"300\" \/>\t\t<h2 class=\"woocommerce-loop-category__title\">\n\t\t\tProfesionalna dimnja\u010darska oprema <mark class=\"count\">(12)<\/mark>\t\t<\/h2>\n\t\t<\/a><\/li>\n<li class=\"product-category product\">\n\t<a aria-label=\"Posjetite kategoriju proizvoda Pribor za kamine i pe\u0107i\" href=\"https:\/\/kreire-metal.hr\/?product_cat=pribor-za-kamine-i-peci\"><img decoding=\"async\" src=\"https:\/\/kreire-metal.hr\/wp-content\/uploads\/2023\/04\/041-a-KOSARA-ZA-DRVA-S-PRIBOROM-300x300.jpg\" alt=\"Pribor za kamine i pe\u0107i\" width=\"300\" height=\"300\" \/>\t\t<h2 class=\"woocommerce-loop-category__title\">\n\t\t\tPribor za kamine i pe\u0107i <mark class=\"count\">(13)<\/mark>\t\t<\/h2>\n\t\t<\/a><\/li>\n<li class=\"product-category product\">\n\t<a aria-label=\"Posjetite kategoriju proizvoda Pribor za \u010di\u0161\u0107enje dimnjaka\" href=\"https:\/\/kreire-metal.hr\/?product_cat=pribor-za-ciscenje\"><img loading=\"lazy\" decoding=\"async\" src=\"https:\/\/kreire-metal.hr\/wp-content\/uploads\/2023\/04\/110-600x600-1-300x300.jpg\" alt=\"Pribor za \u010di\u0161\u0107enje dimnjaka\" width=\"300\" height=\"300\" \/>\t\t<h2 class=\"woocommerce-loop-category__title\">\n\t\t\tPribor za \u010di\u0161\u0107enje dimnjaka <mark class=\"count\">(7)<\/mark>\t\t<\/h2>\n\t\t<\/a><\/li>\n<li class=\"product-category product\">\n\t<a aria-label=\"Posjetite kategoriju proizvoda Elementi dimovoda\" href=\"https:\/\/kreire-metal.hr\/?product_cat=elementi-dimovoda\"><img loading=\"lazy\" decoding=\"async\" src=\"https:\/\/kreire-metal.hr\/wp-content\/uploads\/2023\/04\/003ad-Rozeta-fi-120-65-pocincana-300x300.jpg\" alt=\"Elementi dimovoda\" width=\"300\" height=\"300\" \/>\t\t<h2 class=\"woocommerce-loop-category__title\">\n\t\t\tElementi dimovoda <mark class=\"count\">(14)<\/mark>\t\t<\/h2>\n\t\t<\/a><\/li>\n<li class=\"product-category product last\">\n\t<a aria-label=\"Posjetite kategoriju proizvoda Doma\u0107instvo\" href=\"https:\/\/kreire-metal.hr\/?product_cat=domacinstvo\"><img loading=\"lazy\" decoding=\"async\" src=\"https:\/\/kreire-metal.hr\/wp-content\/uploads\/2023\/04\/025-BAKINA-LAMPA-300x300.jpg\" alt=\"Doma\u0107instvo\" width=\"300\" height=\"300\" \/>\t\t<h2 class=\"woocommerce-loop-category__title\">\n\t\t\tDoma\u0107instvo <mark class=\"count\">(23)<\/mark>\t\t<\/h2>\n\t\t<\/a><\/li>\n<\/ul>\n<\/div>\t\t<\/div>\n\t\t\t\t<\/div>\n\t\t\t\t\t<\/div>\n\t\t<\/div>\n\t\t\t\t\t<\/div>\n\t\t<\/section>\n\t\t\t\t<\/div>\n\t\t","protected":false},"excerpt":{"rendered":"","protected":false},"author":2,"featured_media":0,"parent":0,"menu_order":0,"comment_status":"closed","ping_status":"closed","template":"","meta":{"footnotes":""},"class_list":["post-11","page","type-page","status-publish","hentry"],"yoast_head":"<!-- This site is optimized with the Yoast SEO plugin v25.7 - https:\/\/yoast.com\/wordpress\/plugins\/seo\/ -->\n<title>Proizvodi | Kreire metal<\/title>\n<meta name=\"robots\" content=\"index, follow, max-snippet:-1, max-image-preview:large, max-video-preview:-1\" \/>\n<link rel=\"canonical\" href=\"https:\/\/kreire-metal.hr\/?page_id=11\" \/>\n<meta property=\"og:locale\" content=\"hr_HR\" \/>\n<meta property=\"og:type\" content=\"article\" \/>\n<meta property=\"og:title\" content=\"Proizvodi | Kreire metal\" \/>\n<meta property=\"og:url\" content=\"https:\/\/kreire-metal.hr\/?page_id=11\" \/>\n<meta property=\"og:site_name\" content=\"Kreire metal\" \/>\n<meta property=\"article:publisher\" content=\"https:\/\/www.facebook.com\/profile.php?id=100093496051534\" \/>\n<meta property=\"article:modified_time\" content=\"2023-04-25T07:08:45+00:00\" \/>\n<meta property=\"og:image\" content=\"https:\/\/kreire-metal.hr\/wp-content\/uploads\/2023\/04\/KreireFirma23.jpg\" \/>\n\t<meta property=\"og:image:width\" content=\"1520\" \/>\n\t<meta property=\"og:image:height\" content=\"1920\" \/>\n\t<meta property=\"og:image:type\" content=\"image\/jpeg\" \/>\n<script type=\"application\/ld+json\" class=\"yoast-schema-graph\">{\"@context\":\"https:\/\/schema.org\",\"@graph\":[{\"@type\":\"WebPage\",\"@id\":\"https:\/\/kreire-metal.hr\/?page_id=11\",\"url\":\"https:\/\/kreire-metal.hr\/?page_id=11\",\"name\":\"Proizvodi | Kreire metal\",\"isPartOf\":{\"@id\":\"https:\/\/kreire-metal.hr\/#website\"},\"datePublished\":\"2023-04-20T11:30:07+00:00\",\"dateModified\":\"2023-04-25T07:08:45+00:00\",\"breadcrumb\":{\"@id\":\"https:\/\/kreire-metal.hr\/?page_id=11#breadcrumb\"},\"inLanguage\":\"hr\",\"potentialAction\":[{\"@type\":\"ReadAction\",\"target\":[\"https:\/\/kreire-metal.hr\/?page_id=11\"]}]},{\"@type\":\"BreadcrumbList\",\"@id\":\"https:\/\/kreire-metal.hr\/?page_id=11#breadcrumb\",\"itemListElement\":[{\"@type\":\"ListItem\",\"position\":1,\"name\":\"Home\",\"item\":\"https:\/\/kreire-metal.hr\/\"},{\"@type\":\"ListItem\",\"position\":2,\"name\":\"Proizvodi\"}]},{\"@type\":\"WebSite\",\"@id\":\"https:\/\/kreire-metal.hr\/#website\",\"url\":\"https:\/\/kreire-metal.hr\/\",\"name\":\"Kreire metal\",\"description\":\"\",\"publisher\":{\"@id\":\"https:\/\/kreire-metal.hr\/#organization\"},\"potentialAction\":[{\"@type\":\"SearchAction\",\"target\":{\"@type\":\"EntryPoint\",\"urlTemplate\":\"https:\/\/kreire-metal.hr\/?s={search_term_string}\"},\"query-input\":{\"@type\":\"PropertyValueSpecification\",\"valueRequired\":true,\"valueName\":\"search_term_string\"}}],\"inLanguage\":\"hr\"},{\"@type\":\"Organization\",\"@id\":\"https:\/\/kreire-metal.hr\/#organization\",\"name\":\"Kreire metal\",\"url\":\"https:\/\/kreire-metal.hr\/\",\"logo\":{\"@type\":\"ImageObject\",\"inLanguage\":\"hr\",\"@id\":\"https:\/\/kreire-metal.hr\/#\/schema\/logo\/image\/\",\"url\":\"https:\/\/kreire-metal.hr\/wp-content\/uploads\/2023\/04\/kreire-logo.png\",\"contentUrl\":\"https:\/\/kreire-metal.hr\/wp-content\/uploads\/2023\/04\/kreire-logo.png\",\"width\":184,\"height\":83,\"caption\":\"Kreire metal\"},\"image\":{\"@id\":\"https:\/\/kreire-metal.hr\/#\/schema\/logo\/image\/\"},\"sameAs\":[\"https:\/\/www.facebook.com\/profile.php?id=100093496051534\"]}]}<\/script>\n<!-- \/ Yoast SEO plugin. -->","yoast_head_json":{"title":"Proizvodi | Kreire metal","robots":{"index":"index","follow":"follow","max-snippet":"max-snippet:-1","max-image-preview":"max-image-preview:large","max-video-preview":"max-video-preview:-1"},"canonical":"https:\/\/kreire-metal.hr\/?page_id=11","og_locale":"hr_HR","og_type":"article","og_title":"Proizvodi | Kreire metal","og_url":"https:\/\/kreire-metal.hr\/?page_id=11","og_site_name":"Kreire metal","article_publisher":"https:\/\/www.facebook.com\/profile.php?id=100093496051534","article_modified_time":"2023-04-25T07:08:45+00:00","og_image":[{"width":1520,"height":1920,"url":"https:\/\/kreire-metal.hr\/wp-content\/uploads\/2023\/04\/KreireFirma23.jpg","type":"image\/jpeg"}],"schema":{"@context":"https:\/\/schema.org","@graph":[{"@type":"WebPage","@id":"https:\/\/kreire-metal.hr\/?page_id=11","url":"https:\/\/kreire-metal.hr\/?page_id=11","name":"Proizvodi | Kreire metal","isPartOf":{"@id":"https:\/\/kreire-metal.hr\/#website"},"datePublished":"2023-04-20T11:30:07+00:00","dateModified":"2023-04-25T07:08:45+00:00","breadcrumb":{"@id":"https:\/\/kreire-metal.hr\/?page_id=11#breadcrumb"},"inLanguage":"hr","potentialAction":[{"@type":"ReadAction","target":["https:\/\/kreire-metal.hr\/?page_id=11"]}]},{"@type":"BreadcrumbList","@id":"https:\/\/kreire-metal.hr\/?page_id=11#breadcrumb","itemListElement":[{"@type":"ListItem","position":1,"name":"Home","item":"https:\/\/kreire-metal.hr\/"},{"@type":"ListItem","position":2,"name":"Proizvodi"}]},{"@type":"WebSite","@id":"https:\/\/kreire-metal.hr\/#website","url":"https:\/\/kreire-metal.hr\/","name":"Kreire metal","description":"","publisher":{"@id":"https:\/\/kreire-metal.hr\/#organization"},"potentialAction":[{"@type":"SearchAction","target":{"@type":"EntryPoint","urlTemplate":"https:\/\/kreire-metal.hr\/?s={search_term_string}"},"query-input":{"@type":"PropertyValueSpecification","valueRequired":true,"valueName":"search_term_string"}}],"inLanguage":"hr"},{"@type":"Organization","@id":"https:\/\/kreire-metal.hr\/#organization","name":"Kreire metal","url":"https:\/\/kreire-metal.hr\/","logo":{"@type":"ImageObject","inLanguage":"hr","@id":"https:\/\/kreire-metal.hr\/#\/schema\/logo\/image\/","url":"https:\/\/kreire-metal.hr\/wp-content\/uploads\/2023\/04\/kreire-logo.png","contentUrl":"https:\/\/kreire-metal.hr\/wp-content\/uploads\/2023\/04\/kreire-logo.png","width":184,"height":83,"caption":"Kreire metal"},"image":{"@id":"https:\/\/kreire-metal.hr\/#\/schema\/logo\/image\/"},"sameAs":["https:\/\/www.facebook.com\/profile.php?id=100093496051534"]}]}},"jetpack_sharing_enabled":true,"_links":{"self":[{"href":"https:\/\/kreire-metal.hr\/index.php?rest_route=\/wp\/v2\/pages\/11","targetHints":{"allow":["GET"]}}],"collection":[{"href":"https:\/\/kreire-metal.hr\/index.php?rest_route=\/wp\/v2\/pages"}],"about":[{"href":"https:\/\/kreire-metal.hr\/index.php?rest_route=\/wp\/v2\/types\/page"}],"author":[{"embeddable":true,"href":"https:\/\/kreire-metal.hr\/index.php?rest_route=\/wp\/v2\/users\/2"}],"replies":[{"embeddable":true,"href":"https:\/\/kreire-metal.hr\/index.php?rest_route=%2Fwp%2Fv2%2Fcomments&post=11"}],"version-history":[{"count":25,"href":"https:\/\/kreire-metal.hr\/index.php?rest_route=\/wp\/v2\/pages\/11\/revisions"}],"predecessor-version":[{"id":606,"href":"https:\/\/kreire-metal.hr\/index.php?rest_route=\/wp\/v2\/pages\/11\/revisions\/606"}],"wp:attachment":[{"href":"https:\/\/kreire-metal.hr\/index.php?rest_route=%2Fwp%2Fv2%2Fmedia&parent=11"}],"curies":[{"name":"wp","href":"https:\/\/api.w.org\/{rel}","templated":true}]}}